 + 2).
11
What is the value of 48 - (52 + -14 + 52)?
-42
What is the value of -27 + (-39 - (-33 + -37))?
4
Evaluate 11 + 14 + -23 - (4 - -32) - 16.
-50
What is the value of 4 + -12 + (5 - 7) + (-85 - -81) - -66?
52
-182 - -142 - (1 + 0 - (-18 + 6 + 14))
-39
Evaluate 5 - -1 - (-6 + ((-3 - 9) + 14 - -93)).
-83
What is the value of 40 + -38 + 5 + 14 + 8?
29
What is the value of (-4 + 3 - 1) + 3 - (52 + -68 + 19)?
-2
Calculate (-30 - (-92 - -33) - -59) + -30.
58
Evaluate 1 + -18 + (-187 - (6 + -166)).
-44
(17 - (1 - 1)) + (120593 - 120606)
4
9 + (-45 - -13) - 6 - -24
-5
(-2 - 8) + (-6 - (7 - 20)) + 10 + 48
55
9 - (66 + -9) - (-1 - 30)
-17
What is the value of 1 - (38 - 23 - 2) - (-34 - 2)?
24
What is the value of -2847 + 2808 + (72 - 0)?
33
What is 2 + -5 + 72 - (63 - 50)?
56
Calculate -27 + (-5 - 9 - -19) + 23 - -4.
5
Evaluate -15 + 29 + -28 + -20.
-34
What is the value of (-10 - -6) + -2 + (-36 - -30 - (-3 + 0))?
-9
What is the value of (-35 - (11 - (1 - ((11 - 6) + 0)))) + -14?
-64
What is the value of -1 + -10 - 2 - (-7 + (-8 - (7 + -13)))?
-4
(3 - -7) + 6 + (-69 - -101)
48
What is 32 + 11 - 38 - (-2 + -7)?
14
What is the value of 20 + 158 - (-26 + 9 + -23 + 65)?
153
What is the value of (12 - -7) + -32 + (0 - -9) - (-82 - 2)?
80
16 + (-1 - -46) - (-7 + 1 - -12)
55
-2 - (-8 + 16 + -12 - -12) - (-43 - 6)
39
What is the value of 172 + (-206 - -6) - (33 + 1)?
-62
-9 + (-1 - 3) + -44 + 48 + 118
109
Evaluate 47 + (-17 - -40) + -38.
32
Evaluate -158 - -172 - (-2 - -27) - (-8 - 2).
-1
What is (2 - 4) + 33 + 579 + -594 + 68?
84
Evaluate 90 - 48 - (0 - (0 + -2) - -6).
34
(-7 - 10 - (-3 - (-8 + 7))) + 368 + -496
-143
(1 + -27 - (910 - 938)) + (0 + 0 - -8)
10
Calculate -62 - ((16 - 13) + 20 - 0).
-85
(70 - 18) + 25 + (1 - 39)
39
1622 + -1417 - (7 + 46)
152
What is 27 + ((9 - -4) + 10 + -7 - 9)?
34
Evaluate 20 + (51 - 23) - -4 - (1 + -17).
68
Evaluate 4 + 77 + 0 + (6 - -13).
100
Calculate (-95 - -136) + -5 + -9 + 4.
31
Calculate -2 - (-3 + 11) - (-1 - (-27 - -48)).
12
What is the value of (-243 - -254 - (0 + (-2 - -66))) + 22?
-31
-22 + (5 + -16 - -21) - (16 + 14)
-42
Evaluate 18 + (20 - 38) + 4 - (-1 - -4).
1
What is (-6 - -1) + 4491 + -4472?
14
Evaluate (-9 - (0 - 3)) + (-129 - -119).
-16
What is 2 - (15 - (34 - -7)) - 35?
-7
Evaluate 85 + -1 + (-9171 - -9135).
48
Calculate (6 - -1) + (-23 - (-41 + -11 - -40)).
-4
43 + (-16 + 8 - (3 + -12 + 1)) + 10
53
What is the value of -123 - (-38 - (-33 + 3) - (1 + 0))?
-114
Evaluate (193 - 135 - -126) + -90.
94
Calculate 438 + -482 + 25 + 15.
-4
What is the value of 1 + -14 + (-16 - -70) + -25?
16
What is -3 + -11 + (-11 - (-35 - -7))?
3
(-10 + 16 - 5) + -1 + 3 + -12
-9
What is the value of 43 + -1 - 24 - 39?
-21
Calculate (-209 + 212 - (12 + -1)) + 5.
-3
What is (1919 - 1909) + (5 - 7 - (-76 + (3 - 0)))?
81
What is the value of 48 + -2 - (25 + -30)?
51
Evaluate 1 + 30 + (9930 - 9823).
138
What is the value of 256 + (-238 - (-78 - 33))?
129
-55 + 8 + -7 + 22 + -7
-39
Calculate (11 - (-14 + 24)) + 8 + -10.
-1
What is the value of -1 + 26 + -48 - -38 - 91?
-76
What is the value of -58 - ((-13 - 0) + 642 + -624 - (-5 + 0))?
-68
1421 - 1294 - (22 - -15)
90
1 + -37 - (6 - 4) - (-6504 - -6489)
-23
((13 - 35) + 31 - 2) + 4
11
Calculate (-18 + 8 - (17 - (21 - -7))) + (-36 - -1).
-34
(7 - 5) + 1 + -27 - 11
-35
What is the value of (0 - -38) + 26 + 23 + -56?
31
What is the value of 24 + 4 + -5 + (-1 - (-15 - (-4 - 0)))?
33
Calculate 7 + (-16 - (-1 + -13 + 4 + -1)) - 63.
-61
Calculate 14 - (14 + (1 + 10 - ((104 - 41) + -165))).
-113
Calculate (24 - 32 - (91 - -1)) + -6 + 11 + 4.
-91
Calculate -5 - (-2 - 14 - -132) - (-1 + -12).
-108
What is the value of 2 - 84 - (-46 + (-11 - -33))?
-58
Calculate 14 + -26 + 10 + (-2 - -10) + 26 + 10.
42
Calculate -1 + 85 + -107 + 60 + 27.
64
What is -47 - (12 - (55 + 25))?
21
2 + 0 - (-65 - -2 - (3 + (74 - 51)))
91
What is the value of -3 + -31 - 0 - (56 + (-140 - -71))?
-21
-11 - (35 + (-3 - (-55 - -17)))
-81
What is -46 + (54 - (56 + -9))?
-39
Evaluate 20 - ((-52 - -20) + 32).
20
What is the value of -21 + 1 + 36 + -33 + 9?
-8
Calculate (-4 - -48) + 1 - (8 + -5 + 4 + -3).
41
Evaluate 125 + -42 - (24 + -4 + 13).
50
Calculate (-7 - 40) + -208 + 266.
11
Calculate -57 - (4 + 7 - (-25 + 39)).
-54
Calculate -11 + (-34 + 21 - (5 - (-9 - -24))).
-14
Evaluate (-737 - -692) + (0 - 47).
-92
0 - (-35 - (-6 - 3 - (26 - 27))) - 6
21
What is the value of (5 - 1 - 3) + -4 + 1898 + -1940?
-45
Calculate 12 - (28 - 14) - (6 - (2 - (8 - -2))).
-16
((-3 - 1 - 2) + 18 - 0) + -16
-4
What is the value of -24 + 4 - (0 - 0) - (2 - (-6 - -1))?
-27
Calculate 90 + -6 + (-4 - -23) + 3 + -30 + 14.
90
What is -10 - (108 - (147 + -88))?
-59
What is -92 + 109 + -2 - 22?
-7
What is -5 + 61 + -43 + -8 + -4 + 3 + 17?
21
What is (0 - 0) + -135 + 29 + -1 + -6?
-113
Evaluate (2 - 2) + -44 - ((0 - 5) + 20 + -8).
-51
What is the value of 3 + -2 - (-15 - (-1 - 0)) - (5475 - 5407)?
-53
Evaluate -11 - ((72 - (118 + -47)) + (-6 - -1)).
-7
2 - (19 + 12 + (10 - 19))
-20
What is (19 + -21 - -34) + -46 + -70?
-84
What is the value of 70 + (15 - (17 + 7))?
61
19 + 8 + 95 + -65 + -22 + 1
36
What is the value of (0 + 1 + -1 - (-4 - (-3 - -1))) + 103?
105
Evaluate 61 - (-15 - -16 - -15).
45
What is 26 - -27 - 31 - -4?
26
Evaluate (-65 + 6 + -4 - -7) + (22 - (-18 + 43)).
-59
What is -33 + 14 - 26 - -63 - 55?
-37
(57 + -39 - 3) + 3
18
(164 - (73 + -58)) + 13 + -51
111
Evaluate -58 + (-8 - (-6 - -3) - (21 - (34 + -10))).
-60
(9 + -34 - -54) + -8
21
What is (30 - (1 + -6 - (13 - 28))) + 2?
22
Calculate (32 - (-11 + 15 - -22)) + -41.
-35
Calculate -80 + 71 - (0 + -6 + 3).
-6
(-1 - 71) + (-4 - (-113 + 102 + (11 - 1)))
-75
What is 2 - 0 - (-10 + 0 + (16 - 32))?
28
-8 - (-127 + 160 + -75)
34
What is the value of 13 + -230 - (62 + -164)?
-115
What is 9 + 0 + (8 + -42 - 51)?
-76
What is the value of -8 + 20 + -4 - 7 - (50 + (-2 - -2))?
-49
Evaluate (-5806 - -5805) + 48 + 1 + 1 + 2.
51
What is 22 - 30 - (2 - -2) - 79 - -7?
-84
Evaluate 0 + 66 + (-14 - (-3 + 17)) + -1 + 22.
59
Evaluate -5 + (3 + -52 - (-53 + -6 + 40)).
-35
What is 22 + (16 + 4 + -25 - -12)?
29
What is 11 - (-23 - 3 - (-233 + 200))?
4
What is -25 - ((-68 - -2) + (29 - 50))?
62
Evaluate 86 + (-71 - -14) + -61.
-32
-36 - -116 - (-14 - (2 - 13))
83
-11 + (74 - 62) + 43
44
Calculate 8 - 0 - ((4 - 1) + 16 + 22).
-33
What is the value of 13 - (805 + -786 + 2 + 111)?
-119
What is (-26 - (-118 - -82)) + -9 + -1 + 3?
3
What is 2617 + -2485 + (5 - (24 + 4))?
109
Evaluate (1 - 0) + 433 + -403.
31
-5173 - -5171 - (95 + 0)
-97
What is the value of (-7 - (-12 + 5)) + 3 + 74 + -10?
67
Calculate (-9 - (-13 + -3 + 10)) + -2 - (-46 - 12).
53
What is the value of (-22 - (-21 - (-5 - 10))) + -77 + -10 + 0?
-103
-307 + 309 + (0 - 16 - -1) - -54
41
What is -1 + 0 + 11 + (-16 - (53 - 90))?
31
Calculate (38 + -19 - (6 + (4 - 2))) + -38.
-27
What is the value of (-5 - 0) + (56 - 48) + (-2 - 17)?
-16
What is the value of 33 - (-89 - -24 - -120)?
-22
(-187 - -196) + (-3 - (4 - 1))
3
Evaluate -28 + (-24 - (-61 - 8)) - (21 + 1).
-5
Evaluate -36 - 6 - 63 - -18.
-87
Evaluate (7 - (9 + -38 + 19)) + -25 + (0 - 10).
-18
What is -4 + 17 + -14 + -3 + 43 - -5?
44
What is the value of -60 + (-45 - -84) - 11?
-32
Evaluate -6 + -7 - (58 - (8 - -39)).
-24
What is the value of -5 + (27 - ((-13 + 0 - -13) + 5))?
17
Calculate 28 - 28 - -7 - (10 - -3) - (12 - -1).
-19
-3 - (73 + (43 - 35 - 6))
-78
Calculate -3 + 42 + (-27 - -31 - 22).
21
Evaluate -35 + (41 - 55) + 129 + 19.
99
143 + -183 + (129 - 31)
58
56 - (-11 + 14 + 9)
44
What is the value of -19 - (-684 + 538 - (5 + (0 - 1)))?
131
Evaluate (-18 + -44 - -2 - -11 - -12) + (0 - -3).
-34
(43 - (1 + 9 + -12 + (-10 - -4))) + -11
40
Evaluate 1 - 159 - (7666 - 7756).
-68
What is 97 - (-34 + 188 - 61)?
4
What is -21 - (8 + -41) - (7 + -22 + -113)?
140
Evaluate -105 + ((6 - 84) + 26 - -4).
-153
What is 81 + -42 - -18 - 77?
-20
What is 72 + 1 + -1 + (-147 - -171)?
96
(14 - 28) + (-26 + 27 - (1 - 54))
40
Calculate -99 + -26 + 241 + (-3 - (4 + 0)).
109
Evaluate 19 + (-58 + 59 - -37).
57
(-15 + 11 - (26 - -2)) + (-1 - -6) + -7
-34
What is the value of (517 - 513) + (2 - -23) + -16?
13
Evaluate 13 - (29 + -7) - 25.
-34
(-19 - (-16 + -7 + 24)) + -75 + -5
-100
What is the value of (-21 + 1